f 224 and b?
32
Let b(j) = j**2 - 5*j - 8. Let i be b(7). Let n(p) = p + 13. Let c be n(-3). Let g be c/(-2) - (-34 - i). What is the greatest common divisor of 280 and g?
35
Suppose g - 1055 = d, 612 = g + 2*d - 419. What is the greatest common factor of 39 and g?
3
Let d(x) = 24*x + 361. Suppose -96 = 27*c + 66. Let l be d(c). Calculate the greatest common divisor of 62 and l.
31
Let t be (-32)/(-4) - -8028*4/4. What is the greatest common divisor of t and 41?
41
Let y be -3 + (-116810)/(-5) + -24. What is the greatest common factor of 65 and y?
65
Suppose -5*f = 3*h + 2*h + 10, -4*f = 5*h + 6. Suppose 3*z + s = 63, -h*s - 21 - 73 = -5*z. Calculate the greatest common divisor of 35 and z.
5
Let s(q) = q**3 - 7*q**2 - 16*q - 10. Let p = -69 + 70. Let y be 9*(-2)/(-2)*p. Let o be s(y). Calculate the greatest common factor of 88 and o.
8
Let b be (-85 - -164) + ((-3 - -4)*-4 - 0). Suppose -4*u + 0*u = -12. What is the highest common factor of b and u?
3
Suppose -5*d + n + 220 = 0, -7*n = -3*n + 20. Suppose -35 = -2*r + d. Calculate the greatest common divisor of 3 and r.
3
Suppose -1024*p - 3*o - 14333 = -1028*p, -3*p + 10755 = 3*o. Calculate the greatest common divisor of p and 28.
28
Let f(q) = -420*q + 63. Let n be f(2). Let u = 779 + n. What is the highest common divisor of 17 and u?
1
Let t = 1523 - -3868. What is the highest common factor of t and 9?
9
Suppose 3*f - 27930 = -5*t, 42*t = f + 46*t - 9296. Calculate the highest common factor of f and 80.
40
Let c = 381 - 369. Let k be 3*(-8)/c + 46. Calculate the highest common divisor of 16 and k.
4
Let r be 7 + 12/(0 + -3). Suppose -j + 3 = -r. Let z = 27 - -15. What is the greatest common factor of j and z?
6
Let p be 4/14 - 54/(-7). Let x = -51 - -47. Let v = x + p. What is the highest common factor of v and 1?
1
Let h = -55468 - -55501. Let g(u) = 3*u**3 - 4*u**2 - u - 6. Let x be g(5). Calculate the greatest common divisor of h and x.
33
Let x(l) = -8*l - 6. Let y be x(-4). Let t(f) = 3*f - 71. Let r be t(9). Let b = r - -96. Calculate the highest common divisor of y and b.
26
Suppose -2*p + 6246 + 2295 = -3*n, -5*p - 5*n + 21365 = 0. What is the greatest common divisor of p and 48?
48
Suppose 5*m = 3*t - 21, 10363*t + m = 10364*t - 9. Suppose 4*n - 5*i = 1296, 2*i - 1296 = -3*n - n. What is the greatest common divisor of t and n?
12
Let b(f) = -7*f - 135. Suppose 147*w + 108 = 144*w. Let k be b(w). Calculate the highest common divisor of k and 13.
13
Suppose 0 = -3*z - 4*s + 42, -17 + 70 = 5*z + s. Suppose 15 - 65 = -z*q. What is the greatest common divisor of 175 and q?
5
Suppose 0 = -77*h + 7965 - 5501. Calculate the greatest common divisor of 104 and h.
8
Suppose 4*h = 2*z - 2, -h - z + 2*z - 3 = 0. Let j be 1/(h/4)*(-6)/4. Let l be (-3)/j*5 + -2. What is the highest common factor of l and 24?
3
Let l be (-2)/15 + 0 - (-704)/330. Let t be (1 + 0)*(1 + 37). What is the highest common divisor of l and t?
2
Let n(d) = -10 - d**2 + 0*d**2 - 8 - 7 - 21*d + 48. Suppose 51 = 2*z - 5*z. Let q be n(z). Calculate the highest common factor of 13 and q.
13
Suppose 2*f + 8 = 4*f. Let g be 162 + -40 - 364/(-14). What is the highest common factor of f and g?
4
Let f = 14 - 6. Let n = 19 - f. Let q be (-2)/13 - 2/(-13)*1289/2. Calculate the highest common factor of q and n.
11
Suppose -20*p + 7*p - 182 = 0. Let w be (p/(-231)*11)/(1/3). Let k(t) = t + 8. Let d be k(-7). What is the greatest common divisor of d and w?
1
Let f = 24 + 1. Let y be (-966)/(-28) + 1 + 1/(-2). Calculate the greatest common divisor of f and y.
5
Suppose 2*h - 206 = h. Suppose -6*y + 3*x + 198 = -y, -x - h = -5*y. Suppose 3*f - 6*f + y = 0. Calculate the greatest common divisor of f and 98.
14
Let m(i) = -6*i + 158 - 10*i + 2*i. Let j be m(-31). Calculate the greatest common divisor of j and 74.
74
Suppose 1 = 15*z - 29. Let r(n) = 2*n**2 - 3*n + 3. Let l be r(2). Suppose -z*w + 56 = 2*w + t, 55 = 5*w + l*t. What is the greatest common divisor of 15 and w?
15
Let b = 35 - 31. Suppose -2*w = -2*i - 0*w - 16, b*i + 4*w = -32. Let a be (-9)/(45/20) - i. What is the greatest common factor of 20 and a?
4
Suppose -68 = -4*r + 4*a - 24, 17 = 4*r + 5*a. Suppose -4*f - 3*i = 914, 4*f - i = 2*i - 902. Let w = f - -251. What is the highest common divisor of w and r?
8
Suppose -288 = -5*g + 3*s, 229 = 5*g - g - s. Let u = 63 - g. Suppose 0 = -11*y + u*y + 185. Calculate the greatest common factor of 111 and y.
37
Suppose -5*k + 7*b = 5*b - 235, 2*k = 3*b + 105. Let v(m) = 117*m. Let f be v(1). Let i = f - k. Calculate the greatest common factor of i and 16.
8
Suppose 38801 = -9*g + 2*b + 202010, 0 = -5*g + 2*b + 90669. What is the highest common factor of g and 90?
45
Suppose -13*j + 3*j = -30. Suppose y = -j*w - w + 28, -2*y + 4*w = -80. Suppose -4*i + y = 4*m - 0*m, -i = 3. Calculate the highest common factor of m and 4.
4
Let t = 63 - 63. Suppose -2*p - 53 = -4*k + 67, -k - 5*p + 52 = t. Calculate the greatest common divisor of 1 and k.
1
Suppose 7*z - 6*z + 5 = 0, 8 = -3*i - 4*z. Suppose 6*s - s - 1081 = i*h, -4*h = 16. What is the greatest common factor of s and 3?
3
Suppose -17*a + 20*a + 489 = 0. Let b = -130 - a. What is the greatest common divisor of b and 33?
33
Suppose 240 = 8*m - 256 + 56. Let w = -58 - -113. What is the highest common divisor of w and m?
55
Suppose -83*x = -77*x - 6486. Suppose 0 = 3*n - 200 - x. What is the greatest common divisor of 61 and n?
61
Let a be 93/15 + (-5)/25. Suppose -a*s + 84 = -300. What is the greatest common divisor of 96 and s?
32
Let a be (-2 + 1 + 220/(-8))*-2. Suppose 36 = 4*b + 200. Let z = b + 79. Calculate the greatest common divisor of a and z.
19
Suppose 2*m = -4*i + 6, -4*m + 0*m - 18 = -2*i. Suppose -15*d + 1320 = -i*d. What is the greatest common factor of d and 10?
10
Let i be 2 - (-3)/(9/174). Suppose -22967 - 1453 - 3660 = -52*z. Calculate the greatest common factor of z and i.
60
Suppose 88335 + 18908 = 84*a - 42445. Calculate the highest common divisor of 99 and a.
99
Let v = 31 - -12. Let n = v + -38. Suppose 2*a - n*s = 4*a - 37, -5*s + 25 = 0. What is the highest common divisor of a and 15?
3
Suppose -5*s = -5*h - 141 - 409, -2*s + 5*h = -235. Suppose 2*j + 3*j = 4*x + 54, 0 = -5*x + 20. What is the greatest common divisor of s and j?
7
Let n = 20 + 30. Suppose i + 530*y - 118 = 528*y, -2*y = -2*i + 182. Calculate the highest common factor of n and i.
50
Let f(i) = -i**3 - 9*i**2 - 13*i - 24. Let a be f(-8). Suppose -22*r + 96 = -a*r. What is the greatest common divisor of 12 and r?
4
Let w(k) = -k + 1. Let b be w(-3). Let s(f) = -23*f - 243. Let p be s(-11). Calculate the highest common divisor of p and b.
2
Let i be (2/7)/(16/56). Let b(d) = 3*d**2 + 2*d - 42. Let o be b(-5). Calculate the greatest common factor of o and i.
1
Let b(x) = -7*x**3 - 6*x**2 - 3*x + 3. Let m be b(-1). Suppose d = -2*v + 27, 5*d + 40 = 3*v - m. Calculate the highest common divisor of 238 and v.
14
Let s(q) = 4*q**2 - 7*q - 56. Let r be s(9). What is the greatest common divisor of r and 3895?
205
Suppose -394*l + 374*l + 7540 = 0. Let s(g) = -g**3 - 5*g**2 - 8*g + 3. Let v be s(-6). What is the highest common divisor of v and l?
29
Let k(g) = 8*g**2 - 430*g - 157. Let a be k(59). Calculate the highest common divisor of a and 33.
11
Let v(s) = s**3 - 4*s**2 + 7*s + 10. Let n be v(4). What is the greatest common divisor of n and 1957?
19
Let i(f) = -4*f**2 + 7*f**3 - 10*f + 0*f**2 - 6*f**3. Let a = -166 + 174. Let l be i(a). Calculate the greatest common factor of 16 and l.
16
Suppose -42*k = -2260 - 3909 - 803. Calculate the highest common factor of k and 4.
2
Let j(u) = 2*u**2 + 3*u + 4. Suppose 0 = -w - 7 + 7. Let s be j(w). What is the greatest common factor of 34 and s?
2
Let n be (-40)/(15 - 10) + -5 + 3490. What is the greatest common factor of n and 171?
57
Let d(f) = 2*f**2 - 586*f - 4158. Let k be d(-7). Calculate the greatest common divisor of k and 68.
2
Suppose -2547 = -5*g - 3*y + 607, -3*g + 1906 = -5*y. Let x = g + -611. What is the greatest common divisor of 903 and x?
21
Suppose -u = -6*g + 117, -9*g + 4*u + 68 = -5*g. Let y = 1129 + -589. What is the greatest common factor of y and g?
20
Let b = 46 - 33. Let u(h) = h**3 + 6*h**2 - 2*h + 14. Let g be 12/(-36) - 17/3. L